{"id":33,"date":"2025-06-25T08:39:09","date_gmt":"2025-06-25T08:39:09","guid":{"rendered":"https:\/\/www.colorgrow-city.at\/site\/?page_id=33"},"modified":"2025-06-25T10:44:12","modified_gmt":"2025-06-25T10:44:12","slug":"kreativwerkstatt","status":"publish","type":"page","link":"https:\/\/www.colorgrow-city.at\/site\/kreativwerkstatt\/","title":{"rendered":"Kreativwerkstatt"},"content":{"rendered":"\n<h2 class=\"wp-block-heading\">Entdecke die bunte Welt der Kunst mit unserer Profi-K\u00fcnstlerin und P\u00e4dagogin!<\/h2>\n\n\n\n<div class=\"wp-block-media-text is-stacked-on-mobile\"><figure class=\"wp-block-media-text__media\"><img data-recalc-dims=\"1\" loading=\"lazy\" decoding=\"async\" width=\"388\" height=\"690\" src=\"https:\/\/i0.wp.com\/www.colorgrow-city.at\/site\/wp-content\/uploads\/2025\/06\/Bild1-2.png?resize=388%2C690&#038;ssl=1\" alt=\"\" class=\"wp-image-246 size-full\" srcset=\"https:\/\/i0.wp.com\/www.colorgrow-city.at\/site\/wp-content\/uploads\/2025\/06\/Bild1-2.png?w=388&amp;ssl=1 388w, https:\/\/i0.wp.com\/www.colorgrow-city.at\/site\/wp-content\/uploads\/2025\/06\/Bild1-2.png?resize=169%2C300&amp;ssl=1 169w\" sizes=\"auto, (max-width: 388px) 100vw, 388px\" \/><\/figure><div class=\"wp-block-media-text__content\">\n<p>Jede Woche neue Themen und Techniken \u2013 voller Spa\u00df, jede Menge Kreativit\u00e4t und gute Laune! Ein kreativer Ort, an dem die Kinder ihre Fantasie ausleben und dabei was neues ausprobieren k\u00f6nnen und am Ende stolz auf ihre eigenen Kunstwerke sein k\u00f6nnen.<\/p>\n\n\n\n<ul class=\"wp-block-list\">\n<li>Jeden Dienstag<\/li>\n\n\n\n<li>Vormittagskurs: 9:30 \u2013 11:30 Uhr<\/li>\n\n\n\n<li>Nachmittagskurs: 16:00 \u2013 18:00 Uhr<\/li>\n\n\n\n<li>Kosten: Nur 20\u202f\u20ac pro Kurs \u2013 inklusive aller Materialien!<\/li>\n\n\n\n<li>F\u00fcr Kinder ab 5 Jahren, in kleinen Gruppen mit viel Raum zum Ausprobieren<\/li>\n\n\n\n<li>Geleitet von Daniella \u2013 erfahrene K\u00fcnstlerin &amp; liebevolle P\u00e4dagogin<\/li>\n\n\n\n<li>In Westfield Shopping City S\u00fcd ( Eingang 2,&nbsp; Stock 1)<\/li>\n<\/ul>\n<\/div><\/div>\n\n\n\n<p>Telefonnummer: +4368120412395<\/p>\n\n\n\n<p>E-Mail: office@colorgrow-city.at<\/p>\n\n\n\n<h2 class=\"wp-block-heading\"><strong>Das kreative Kinder-Geburtstag-Kreativ-Paket<\/strong><\/h2>\n\n\n\n<p><strong>Die kreative Kindergeburtstagsparty!<\/strong> <strong>Der kreative Partyspa\u00df!<\/strong><\/p>\n\n\n\n<div class=\"wp-block-columns is-layout-flex wp-container-core-columns-is-layout-9d6595d7 wp-block-columns-is-layout-flex\">\n<div class=\"wp-block-column is-layout-flow wp-block-column-is-layout-flow\">\n<p><strong>Paket 1: \u201ePICASSO\u201c<\/strong><\/p>\n\n\n\n<p>Personenanzahl: maximal 10 Kinder<\/p>\n\n\n\n<p>Dauer: 180 Minuten \/ 3 Stunden<\/p>\n\n\n\n<p>Kosten: \u20ac 300,- (\u20ac 50,- Erm\u00e4\u00dfigung bei Westfield-Mitgliedschaft)<br>Aufpreis f\u00fcr weiteres Kind: \u20ac 15,-<br>Inkludiert ist\/sind:<br>Freies und kreatives Malen oder Basteln nach Lust und Laune!<br><br>Inklusive eines Rahmens (Leinwand 24 x 30 cm) pro Kind und Bastelmaterial<br>Ohne Beaufsichtigung (Raum und Bastelmaterial wird zur Verf\u00fcgung gestellt)<\/p>\n\n\n\n<p>Keine Geburtstagsdekoration<\/p>\n\n\n\n<p>Essen und Getr\u00e4nke k\u00f6nnen sehr gerne mitgenommen werden!<\/p>\n<\/div>\n\n\n\n<div class=\"wp-block-column is-layout-flow wp-block-column-is-layout-flow\">\n<p><strong>Paket 2<\/strong>: \u201e<strong>VAN GOGH\u201c<\/strong><\/p>\n\n\n\n<p>Personenanzahl: maximal 10 Kinder<\/p>\n\n\n\n<p>Dauer der Party: 180 Minuten \/ 3 Stunden<\/p>\n\n\n\n<p>Kosten: \u20ac 450,- (\u20ac 50,- Erm\u00e4\u00dfigung bei einer Westfield-Mitgliedschaft)<\/p>\n\n\n\n<p>Aufpreis f\u00fcr jedes weitere Kind: \u20ac 15,-<\/p>\n\n\n\n<p>Inkludiert ist\/sind:<\/p>\n\n\n\n<p>Freies und kreatives Malen oder Basteln nach Lust und Laune!<\/p>\n\n\n\n<p>Geburtstagsdekoration: Luftballons, Girlanden, Party H\u00fcte, Trompete<\/p>\n\n\n\n<p>Inklusive eines Rahmens (Leinwand 24 x 30 cm) pro Kind<\/p>\n\n\n\n<p>Mit Beaufsichtigung f\u00fcr Tipps und Tricks!<\/p>\n\n\n\n<p>Essen und Getr\u00e4nke (Geburtstagstorte \u201eSachertorte\u201c mit Kerzen; 1 T\u00fcte Popcorn pro Kind; 1 Zuckerwatte pro Kind; Apfelsaft, Orangensaft)<\/p>\n<\/div>\n\n\n\n<div class=\"wp-block-column is-layout-flow wp-block-column-is-layout-flow\">\n<p><strong>Paket 3: \u201eKLIMT\u201c<\/strong><\/p>\n\n\n\n<p>Personenanzahl: maximal 10 Kinder<\/p>\n\n\n\n<p>Dauer der Party:&nbsp;&nbsp; 180 Minuten \/ 3 Stunden<\/p>\n\n\n\n<p>Kosten: \u20ac 500,- (\u20ac 50,- Erm\u00e4\u00dfigung bei Westfield-Mitgliedschaft)<\/p>\n\n\n\n<p>Aufpreis f\u00fcr weiteres Kind: \u20ac 15,-<\/p>\n\n\n\n<p>Inkludiert ist\/sind:<\/p>\n\n\n\n<p>Freies und kreatives Malen oder Basteln nach Lust und Laune!<\/p>\n\n\n\n<p>Geburtstagsdekoration: Luftballons, Girlanden, Party H\u00fcte, Trompete<\/p>\n\n\n\n<p>Inklusive eines Rahmens (Leinwand 24 x 30 cm) pro Kind<\/p>\n\n\n\n<p>Mit Beaufsichtigung f\u00fcr Tipps und Tricks!<\/p>\n\n\n\n<p>Essen und Getr\u00e4nke (Geburtstagstorte \u201eSachertorte\u201c mit Kerzen; 1 T\u00fcte Popcorn pro Kind; 1 Zuckerwatte pro Kind; Apfelsaft, Orangensaft)<\/p>\n\n\n\n<p><strong>Unbegrenzt \/ Unlimited Popcorn<\/strong><\/p>\n\n\n\n<p><strong>Unbegrenzt \/ Unlimited Zuckerwatte<\/strong><\/p>\n\n\n\n<p><strong>(unbegrenzt \/ Unlimited Slush-Eis)<\/strong><\/p>\n\n\n\n<p>Optional zu allen Paketen:<\/p>\n\n\n\n<p>Kinderschminken, Keramik-Malen, Zaubershow, Seifenblasen, Mitmach-Konzert (Preise auf Anfrage)<\/p>\n<\/div>\n<\/div>\n\n\n\n<div id=\"wp-block-themeisle-blocks-slider-fea10147\" class=\"wp-block-themeisle-blocks-slider glide\" data-per-view=\"1\" data-gap=\"0\" data-peek=\"0\" data-autoplay=\"true\" data-height=\"400px\" data-hide-arrows=\"false\"><div class=\"glide__track\" data-glide-el=\"track\"><div class=\"glide__slides\"><div class=\"wp-block-themeisle-blocks-slider-item-wrapper glide__slide\" tabindex=\"0\"><figure><img data-recalc-dims=\"1\" decoding=\"async\" class=\"wp-block-themeisle-blocks-slider-item\" src=\"https:\/\/i0.wp.com\/www.colorgrow-city.at\/site\/wp-content\/uploads\/2025\/06\/20250605_113640-scaled.jpg?w=1200&#038;ssl=1\" alt=\"\" title=\"\" data-id=\"250\"\/><\/figure><\/div><div class=\"wp-block-themeisle-blocks-slider-item-wrapper glide__slide\" tabindex=\"0\"><figure><img data-recalc-dims=\"1\" decoding=\"async\" class=\"wp-block-themeisle-blocks-slider-item\" src=\"https:\/\/i0.wp.com\/www.colorgrow-city.at\/site\/wp-content\/uploads\/2025\/06\/20250605_114012-scaled.jpg?w=1200&#038;ssl=1\" alt=\"\" title=\"\" data-id=\"254\"\/><\/figure><\/div><div class=\"wp-block-themeisle-blocks-slider-item-wrapper glide__slide\" tabindex=\"0\"><figure><img data-recalc-dims=\"1\" decoding=\"async\" class=\"wp-block-themeisle-blocks-slider-item\" src=\"https:\/\/i0.wp.com\/www.colorgrow-city.at\/site\/wp-content\/uploads\/2025\/06\/20250605_114505-scaled.jpg?w=1200&#038;ssl=1\" alt=\"\" title=\"\" data-id=\"252\"\/><\/figure><\/div><div class=\"wp-block-themeisle-blocks-slider-item-wrapper glide__slide\" tabindex=\"0\"><figure><img data-recalc-dims=\"1\" decoding=\"async\" class=\"wp-block-themeisle-blocks-slider-item\" src=\"https:\/\/i0.wp.com\/www.colorgrow-city.at\/site\/wp-content\/uploads\/2025\/06\/20250605_115017-scaled.jpg?w=1200&#038;ssl=1\" alt=\"\" title=\"\" data-id=\"253\"\/><\/figure><\/div><div class=\"wp-block-themeisle-blocks-slider-item-wrapper glide__slide\" tabindex=\"0\"><figure><img data-recalc-dims=\"1\" decoding=\"async\" class=\"wp-block-themeisle-blocks-slider-item\" src=\"https:\/\/i0.wp.com\/www.colorgrow-city.at\/site\/wp-content\/uploads\/2025\/06\/IMG_6886_1-1.jpeg?w=1200&#038;ssl=1\" alt=\"\" title=\"\" data-id=\"247\"\/><\/figure><\/div><div class=\"wp-block-themeisle-blocks-slider-item-wrapper glide__slide\" tabindex=\"0\"><figure><img data-recalc-dims=\"1\" decoding=\"async\" class=\"wp-block-themeisle-blocks-slider-item\" src=\"https:\/\/i0.wp.com\/www.colorgrow-city.at\/site\/wp-content\/uploads\/2025\/06\/IMG_6887_2-1.jpeg?w=1200&#038;ssl=1\" alt=\"\" title=\"\" data-id=\"248\"\/><\/figure><\/div><div class=\"wp-block-themeisle-blocks-slider-item-wrapper glide__slide\" tabindex=\"0\"><figure><img data-recalc-dims=\"1\" decoding=\"async\" class=\"wp-block-themeisle-blocks-slider-item\" src=\"https:\/\/i0.wp.com\/www.colorgrow-city.at\/site\/wp-content\/uploads\/2025\/06\/IMG_6897_3-1.jpeg?w=1200&#038;ssl=1\" alt=\"\" title=\"\" data-id=\"249\"\/><\/figure><\/div><\/div><div class=\"glide__bullets\" data-glide-el=\"controls[nav]\"><button class=\"glide__bullet\" data-glide-dir=\"=0\"><\/button><button class=\"glide__bullet\" data-glide-dir=\"=1\"><\/button><button class=\"glide__bullet\" data-glide-dir=\"=2\"><\/button><button class=\"glide__bullet\" data-glide-dir=\"=3\"><\/button><button class=\"glide__bullet\" data-glide-dir=\"=4\"><\/button><button class=\"glide__bullet\" data-glide-dir=\"=5\"><\/button><button class=\"glide__bullet\" data-glide-dir=\"=6\"><\/button><\/div><\/div><\/div>\n\n\n\n<div class=\"wp-block-columns is-layout-flex wp-container-core-columns-is-layout-9d6595d7 wp-block-columns-is-layout-flex\">\n<div class=\"wp-block-column is-layout-flow wp-block-column-is-layout-flow\">\n<figure class=\"wp-block-image size-full\"><img data-recalc-dims=\"1\" loading=\"lazy\" decoding=\"async\" width=\"113\" height=\"113\" src=\"https:\/\/i0.wp.com\/www.colorgrow-city.at\/site\/wp-content\/uploads\/2025\/06\/westfield-2.png?resize=113%2C113&#038;ssl=1\" alt=\"\" class=\"wp-image-244\"\/><\/figure>\n<\/div>\n\n\n\n<div class=\"wp-block-column is-layout-flow wp-block-column-is-layout-flow\"><\/div>\n<\/div>\n","protected":false},"excerpt":{"rendered":"<p>Entdecke die bunte Welt der Kunst mit unserer Profi-K\u00fcnstlerin und P\u00e4dagogin! Telefonnummer: +4368120412395 E-Mail: office@colorgrow-city.at Das kreative Kinder-Geburtstag-Kreativ-Paket Die kreative Kindergeburtstagsparty! Der kreative Partyspa\u00df! Paket 1: \u201ePICASSO\u201c Personenanzahl: maximal 10 Kinder Dauer: 180 Minuten \/ 3 Stunden Kosten: \u20ac 300,- (\u20ac 50,- Erm\u00e4\u00dfigung bei Westfield-Mitgliedschaft)Aufpreis f\u00fcr weiteres Kind: \u20ac 15,-Inkludiert ist\/sind:Freies und kreatives Malen oder&hellip;&nbsp;<a href=\"https:\/\/www.colorgrow-city.at\/site\/kreativwerkstatt\/\" rel=\"bookmark\"><span class=\"screen-reader-text\">Kreativwerkstatt<\/span><\/a><\/p>\n","protected":false},"author":1,"featured_media":0,"parent":0,"menu_order":0,"comment_status":"closed","ping_status":"closed","template":"","meta":{"neve_meta_sidebar":"","neve_meta_container":"","neve_meta_enable_content_width":"","neve_meta_content_width":0,"neve_meta_title_alignment":"","neve_meta_author_avatar":"","neve_post_elements_order":"","neve_meta_disable_header":"","neve_meta_disable_footer":"","neve_meta_disable_title":"","neve_meta_reading_time":"","_themeisle_gutenberg_block_has_review":false,"footnotes":""},"class_list":["post-33","page","type-page","status-publish","hentry"],"yoast_head":"<!-- This site is optimized with the Yoast SEO plugin v26.0 - https:\/\/yoast.com\/wordpress\/plugins\/seo\/ -->\n<title>Kreativwerkstatt - Colorgrow-city<\/title>\n<meta name=\"robots\" content=\"index, follow, max-snippet:-1, max-image-preview:large, max-video-preview:-1\" \/>\n<link rel=\"canonical\" href=\"https:\/\/www.colorgrow-city.at\/site\/kreativwerkstatt\/\" \/>\n<meta property=\"og:locale\" content=\"de_DE\" \/>\n<meta property=\"og:type\" content=\"article\" \/>\n<meta property=\"og:title\" content=\"Kreativwerkstatt - Colorgrow-city\" \/>\n<meta property=\"og:description\" content=\"Entdecke die bunte Welt der Kunst mit unserer Profi-K\u00fcnstlerin und P\u00e4dagogin! Telefonnummer: +4368120412395 E-Mail: office@colorgrow-city.at Das kreative Kinder-Geburtstag-Kreativ-Paket Die kreative Kindergeburtstagsparty! Der kreative Partyspa\u00df! Paket 1: \u201ePICASSO\u201c Personenanzahl: maximal 10 Kinder Dauer: 180 Minuten \/ 3 Stunden Kosten: \u20ac 300,- (\u20ac 50,- Erm\u00e4\u00dfigung bei Westfield-Mitgliedschaft)Aufpreis f\u00fcr weiteres Kind: \u20ac 15,-Inkludiert ist\/sind:Freies und kreatives Malen oder&hellip;&nbsp;Kreativwerkstatt\" \/>\n<meta property=\"og:url\" content=\"https:\/\/www.colorgrow-city.at\/site\/kreativwerkstatt\/\" \/>\n<meta property=\"og:site_name\" content=\"Colorgrow-city\" \/>\n<meta property=\"article:modified_time\" content=\"2025-06-25T10:44:12+00:00\" \/>\n<meta property=\"og:image\" content=\"https:\/\/www.colorgrow-city.at\/site\/wp-content\/uploads\/2025\/06\/Bild1-2.png\" \/>\n<meta name=\"twitter:card\" content=\"summary_large_image\" \/>\n<meta name=\"twitter:label1\" content=\"Gesch\u00e4tzte Lesezeit\" \/>\n\t<meta name=\"twitter:data1\" content=\"2\u00a0Minuten\" \/>\n<script type=\"application\/ld+json\" class=\"yoast-schema-graph\">{\"@context\":\"https:\/\/schema.org\",\"@graph\":[{\"@type\":\"WebPage\",\"@id\":\"https:\/\/www.colorgrow-city.at\/site\/kreativwerkstatt\/\",\"url\":\"https:\/\/www.colorgrow-city.at\/site\/kreativwerkstatt\/\",\"name\":\"Kreativwerkstatt - Colorgrow-city\",\"isPartOf\":{\"@id\":\"https:\/\/www.colorgrow-city.at\/site\/#website\"},\"primaryImageOfPage\":{\"@id\":\"https:\/\/www.colorgrow-city.at\/site\/kreativwerkstatt\/#primaryimage\"},\"image\":{\"@id\":\"https:\/\/www.colorgrow-city.at\/site\/kreativwerkstatt\/#primaryimage\"},\"thumbnailUrl\":\"https:\/\/www.colorgrow-city.at\/site\/wp-content\/uploads\/2025\/06\/Bild1-2.png\",\"datePublished\":\"2025-06-25T08:39:09+00:00\",\"dateModified\":\"2025-06-25T10:44:12+00:00\",\"breadcrumb\":{\"@id\":\"https:\/\/www.colorgrow-city.at\/site\/kreativwerkstatt\/#breadcrumb\"},\"inLanguage\":\"de\",\"potentialAction\":[{\"@type\":\"ReadAction\",\"target\":[\"https:\/\/www.colorgrow-city.at\/site\/kreativwerkstatt\/\"]}]},{\"@type\":\"ImageObject\",\"inLanguage\":\"de\",\"@id\":\"https:\/\/www.colorgrow-city.at\/site\/kreativwerkstatt\/#primaryimage\",\"url\":\"https:\/\/i0.wp.com\/www.colorgrow-city.at\/site\/wp-content\/uploads\/2025\/06\/Bild1-2.png?fit=388%2C690&ssl=1\",\"contentUrl\":\"https:\/\/i0.wp.com\/www.colorgrow-city.at\/site\/wp-content\/uploads\/2025\/06\/Bild1-2.png?fit=388%2C690&ssl=1\",\"width\":388,\"height\":690},{\"@type\":\"BreadcrumbList\",\"@id\":\"https:\/\/www.colorgrow-city.at\/site\/kreativwerkstatt\/#breadcrumb\",\"itemListElement\":[{\"@type\":\"ListItem\",\"position\":1,\"name\":\"Startseite\",\"item\":\"https:\/\/www.colorgrow-city.at\/site\/\"},{\"@type\":\"ListItem\",\"position\":2,\"name\":\"Kreativwerkstatt\"}]},{\"@type\":\"WebSite\",\"@id\":\"https:\/\/www.colorgrow-city.at\/site\/#website\",\"url\":\"https:\/\/www.colorgrow-city.at\/site\/\",\"name\":\"Colorgrow-city\",\"description\":\"Kreative Kindergeburtstage, Malkurse &amp; Mehr!\",\"publisher\":{\"@id\":\"https:\/\/www.colorgrow-city.at\/site\/#organization\"},\"potentialAction\":[{\"@type\":\"SearchAction\",\"target\":{\"@type\":\"EntryPoint\",\"urlTemplate\":\"https:\/\/www.colorgrow-city.at\/site\/?s={search_term_string}\"},\"query-input\":{\"@type\":\"PropertyValueSpecification\",\"valueRequired\":true,\"valueName\":\"search_term_string\"}}],\"inLanguage\":\"de\"},{\"@type\":\"Organization\",\"@id\":\"https:\/\/www.colorgrow-city.at\/site\/#organization\",\"name\":\"Colorgrow-city\",\"url\":\"https:\/\/www.colorgrow-city.at\/site\/\",\"logo\":{\"@type\":\"ImageObject\",\"inLanguage\":\"de\",\"@id\":\"https:\/\/www.colorgrow-city.at\/site\/#\/schema\/logo\/image\/\",\"url\":\"https:\/\/i0.wp.com\/www.colorgrow-city.at\/site\/wp-content\/uploads\/2025\/06\/Colowgrow_Transparent_BG-scaled.png?fit=2560%2C721&ssl=1\",\"contentUrl\":\"https:\/\/i0.wp.com\/www.colorgrow-city.at\/site\/wp-content\/uploads\/2025\/06\/Colowgrow_Transparent_BG-scaled.png?fit=2560%2C721&ssl=1\",\"width\":2560,\"height\":721,\"caption\":\"Colorgrow-city\"},\"image\":{\"@id\":\"https:\/\/www.colorgrow-city.at\/site\/#\/schema\/logo\/image\/\"}}]}<\/script>\n<!-- \/ Yoast SEO plugin. -->","yoast_head_json":{"title":"Kreativwerkstatt - Colorgrow-city","robots":{"index":"index","follow":"follow","max-snippet":"max-snippet:-1","max-image-preview":"max-image-preview:large","max-video-preview":"max-video-preview:-1"},"canonical":"https:\/\/www.colorgrow-city.at\/site\/kreativwerkstatt\/","og_locale":"de_DE","og_type":"article","og_title":"Kreativwerkstatt - Colorgrow-city","og_description":"Entdecke die bunte Welt der Kunst mit unserer Profi-K\u00fcnstlerin und P\u00e4dagogin! Telefonnummer: +4368120412395 E-Mail: office@colorgrow-city.at Das kreative Kinder-Geburtstag-Kreativ-Paket Die kreative Kindergeburtstagsparty! Der kreative Partyspa\u00df! Paket 1: \u201ePICASSO\u201c Personenanzahl: maximal 10 Kinder Dauer: 180 Minuten \/ 3 Stunden Kosten: \u20ac 300,- (\u20ac 50,- Erm\u00e4\u00dfigung bei Westfield-Mitgliedschaft)Aufpreis f\u00fcr weiteres Kind: \u20ac 15,-Inkludiert ist\/sind:Freies und kreatives Malen oder&hellip;&nbsp;Kreativwerkstatt","og_url":"https:\/\/www.colorgrow-city.at\/site\/kreativwerkstatt\/","og_site_name":"Colorgrow-city","article_modified_time":"2025-06-25T10:44:12+00:00","og_image":[{"url":"https:\/\/www.colorgrow-city.at\/site\/wp-content\/uploads\/2025\/06\/Bild1-2.png","type":"","width":"","height":""}],"twitter_card":"summary_large_image","twitter_misc":{"Gesch\u00e4tzte Lesezeit":"2\u00a0Minuten"},"schema":{"@context":"https:\/\/schema.org","@graph":[{"@type":"WebPage","@id":"https:\/\/www.colorgrow-city.at\/site\/kreativwerkstatt\/","url":"https:\/\/www.colorgrow-city.at\/site\/kreativwerkstatt\/","name":"Kreativwerkstatt - Colorgrow-city","isPartOf":{"@id":"https:\/\/www.colorgrow-city.at\/site\/#website"},"primaryImageOfPage":{"@id":"https:\/\/www.colorgrow-city.at\/site\/kreativwerkstatt\/#primaryimage"},"image":{"@id":"https:\/\/www.colorgrow-city.at\/site\/kreativwerkstatt\/#primaryimage"},"thumbnailUrl":"https:\/\/www.colorgrow-city.at\/site\/wp-content\/uploads\/2025\/06\/Bild1-2.png","datePublished":"2025-06-25T08:39:09+00:00","dateModified":"2025-06-25T10:44:12+00:00","breadcrumb":{"@id":"https:\/\/www.colorgrow-city.at\/site\/kreativwerkstatt\/#breadcrumb"},"inLanguage":"de","potentialAction":[{"@type":"ReadAction","target":["https:\/\/www.colorgrow-city.at\/site\/kreativwerkstatt\/"]}]},{"@type":"ImageObject","inLanguage":"de","@id":"https:\/\/www.colorgrow-city.at\/site\/kreativwerkstatt\/#primaryimage","url":"https:\/\/i0.wp.com\/www.colorgrow-city.at\/site\/wp-content\/uploads\/2025\/06\/Bild1-2.png?fit=388%2C690&ssl=1","contentUrl":"https:\/\/i0.wp.com\/www.colorgrow-city.at\/site\/wp-content\/uploads\/2025\/06\/Bild1-2.png?fit=388%2C690&ssl=1","width":388,"height":690},{"@type":"BreadcrumbList","@id":"https:\/\/www.colorgrow-city.at\/site\/kreativwerkstatt\/#breadcrumb","itemListElement":[{"@type":"ListItem","position":1,"name":"Startseite","item":"https:\/\/www.colorgrow-city.at\/site\/"},{"@type":"ListItem","position":2,"name":"Kreativwerkstatt"}]},{"@type":"WebSite","@id":"https:\/\/www.colorgrow-city.at\/site\/#website","url":"https:\/\/www.colorgrow-city.at\/site\/","name":"Colorgrow-city","description":"Kreative Kindergeburtstage, Malkurse &amp; Mehr!","publisher":{"@id":"https:\/\/www.colorgrow-city.at\/site\/#organization"},"potentialAction":[{"@type":"SearchAction","target":{"@type":"EntryPoint","urlTemplate":"https:\/\/www.colorgrow-city.at\/site\/?s={search_term_string}"},"query-input":{"@type":"PropertyValueSpecification","valueRequired":true,"valueName":"search_term_string"}}],"inLanguage":"de"},{"@type":"Organization","@id":"https:\/\/www.colorgrow-city.at\/site\/#organization","name":"Colorgrow-city","url":"https:\/\/www.colorgrow-city.at\/site\/","logo":{"@type":"ImageObject","inLanguage":"de","@id":"https:\/\/www.colorgrow-city.at\/site\/#\/schema\/logo\/image\/","url":"https:\/\/i0.wp.com\/www.colorgrow-city.at\/site\/wp-content\/uploads\/2025\/06\/Colowgrow_Transparent_BG-scaled.png?fit=2560%2C721&ssl=1","contentUrl":"https:\/\/i0.wp.com\/www.colorgrow-city.at\/site\/wp-content\/uploads\/2025\/06\/Colowgrow_Transparent_BG-scaled.png?fit=2560%2C721&ssl=1","width":2560,"height":721,"caption":"Colorgrow-city"},"image":{"@id":"https:\/\/www.colorgrow-city.at\/site\/#\/schema\/logo\/image\/"}}]}},"jetpack_sharing_enabled":true,"jetpack-related-posts":[],"jetpack_shortlink":"https:\/\/wp.me\/PgQaG6-x","_links":{"self":[{"href":"https:\/\/www.colorgrow-city.at\/site\/wp-json\/wp\/v2\/pages\/33","targetHints":{"allow":["GET"]}}],"collection":[{"href":"https:\/\/www.colorgrow-city.at\/site\/wp-json\/wp\/v2\/pages"}],"about":[{"href":"https:\/\/www.colorgrow-city.at\/site\/wp-json\/wp\/v2\/types\/page"}],"author":[{"embeddable":true,"href":"https:\/\/www.colorgrow-city.at\/site\/wp-json\/wp\/v2\/users\/1"}],"replies":[{"embeddable":true,"href":"https:\/\/www.colorgrow-city.at\/site\/wp-json\/wp\/v2\/comments?post=33"}],"version-history":[{"count":3,"href":"https:\/\/www.colorgrow-city.at\/site\/wp-json\/wp\/v2\/pages\/33\/revisions"}],"predecessor-version":[{"id":259,"href":"https:\/\/www.colorgrow-city.at\/site\/wp-json\/wp\/v2\/pages\/33\/revisions\/259"}],"wp:attachment":[{"href":"https:\/\/www.colorgrow-city.at\/site\/wp-json\/wp\/v2\/media?parent=33"}],"curies":[{"name":"wp","href":"https:\/\/api.w.org\/{rel}","templated":true}]}}